of s?
6
Let v = 5 - 5. Suppose y - 2*g = -4*y + 18, -2*y + 4*g + 20 = v. What is the units digit of 8*1*y/4?
4
Suppose -5*u + w + 12 + 36 = 0, -2*u - 4*w + 6 = 0. Suppose -v + 30 = -i, -3*i = v - 13 - u. Let j = v + -2. What is the tens digit of j?
2
Let w(f) = -331*f - 475. What is the units digit of w(-6)?
1
Let m = 680 - -388. What is the tens digit of m?
6
Let b = -574 - -946. What is the units digit of b?
2
What is the units digit of (-38)/209 + 204/33?
6
Suppose -33 = w + 2*l, 177 = -5*w - 3*l - l. Let g = w + 12. What is the units digit of g/(-10)*4/5?
2
Let t = 2 + 0. Suppose 2*c - 8 = -t. Suppose c + 265 = 4*g. What is the tens digit of g?
6
Let f(d) = -2*d + 14. Let c be f(6). Let k be ((-8)/c - -2)*-1. Suppose 0 = -2*h + g + 92, -3*h + g + 138 = -k*g. What is the units digit of h?
6
What is the units digit of 265851/126 - 3/(-42)?
0
Let t(w) = -w**3 + 5*w**2 + 4*w - 6. Let a(j) = 5*j. Let n be (-1)/3*(-2 + -1). Let r be a(n). What is the tens digit of t(r)?
1
Let u be 31 - 8/(56/35). Let i be 5*(0 + 2 + 3). Let d = u - i. What is the units digit of d?
1
Let n be (-2)/9 + (-22696)/(-72). Suppose 5*s = 5*v + 390, -4*s = -0*v - 5*v - n. Suppose -7 = -g - 2, 5*f + 2*g = s. What is the tens digit of f?
1
Let h be (-1)/2 + 42/4. Let r be (-2 - (236 - 5)) + -3. What is the tens digit of h/15 - r/6?
4
Let a = -228 + 495. What is the units digit of (-8)/6*a/(-2)?
8
Let m(b) = -62*b - 283. What is the tens digit of m(-18)?
3
Let r = 354 - 152. Let a = -9 + r. What is the units digit of a?
3
Let z be 7/3 + (-10)/30. Suppose r - 5*m - 50 = 0, -r = z*r + 2*m - 201. What is the tens digit of r?
6
Suppose -3*j = -0 - 6. Let v(u) = u**2 + 3*u + 4. Let z be v(-3). Suppose m + j*t + 2*t = 18, -106 = -z*m + t. What is the units digit of m?
6
Let b(r) = 2 + 2*r**2 - 2 + 4*r - 4. Let w(f) = f**3 - 25*f**2 + 23*f + 28. Let u be w(24). What is the units digit of b(u)?
4
Suppose -5*o + 0*h - 4*h - 8 = 0, -5*h - 10 = 3*o. Let r(f) be the first derivative of f**3/3 + 9*f - 56. What is the units digit of r(o)?
9
Let m(b) = 36*b - 103. What is the units digit of m(12)?
9
Let g(w) = -w**3 - 20*w**2 + 26*w - 29. What is the thousands digit of g(-25)?
2
Let x = -56 - -58. Suppose r - 5*r - 4*g + 420 = 0, 408 = 4*r - x*g. What is the units digit of r?
3
Let j = -12 - -8. Let h = 111 + j. What is the tens digit of h?
0
Let j be (8/12)/((-2)/(-9)). Suppose 4*v = p + 21, p + 12 + 37 = -j*v. Let h = p - -68. What is the units digit of h?
1
Suppose y = 4*u + 4*y - 20, -15 = -3*u - 5*y. Let w = u + -9. What is the units digit of w/14 - (-652)/28?
3
Let d(y) be the first derivative of 3*y**2/2 + 11*y - 3. Let z be d(-9). Let a = 6 - z. What is the tens digit of a?
2
Let u = 1 - 2. Let l be -1 + 3 + u + 1. Suppose -89 = -3*q - l*i + 36, 0 = -q - 4*i + 45. What is the tens digit of q?
4
Let c(o) = -6*o**3 + 132 + 0*o + 0*o**2 + 7*o**3 + o**2 - o. What is the units digit of c(0)?
2
Let c = -21 - -31. Suppose 2*u - 36 = -4*z, -5*u + c*u - 5*z = 30. Let g(d) = 2*d - 15. What is the units digit of g(u)?
5
Let y(g) be the third derivative of -g**5/60 - 11*g**4/24 + g**3/2 - 5*g**2. Let f be y(-11). What is the units digit of ((-16)/(-10))/(f/15)?
8
Let r = 26 - 10. What is the hundreds digit of r/(-80) + 1262/10?
1
Suppose -4*z + 359 + 277 = 0. Let h = -96 + z. What is the units digit of h?
3
Let p(l) = -19*l**3 - 3*l**2 + l + 2. Let g be (6 - 5)/(3/(-6)). Let j be p(g). Suppose j = 2*o - 4*y, 9 + 226 = 3*o - y. What is the tens digit of o?
8
Let d = -1817 - -2985. What is the hundreds digit of d?
1
Suppose -x + 3*x = 0. Let v = 10 + x. What is the units digit of v/(-4)*344/(-20)?
3
Suppose -7*f = 1219 - 5699. What is the tens digit of f?
4
Suppose -3*v + 3 = -3*t, t = 5*v + 2*t - 17. What is the tens digit of (-585)/(-4) + 1 - v/12?
4
Suppose -2*l = -6*l + 4. What is the units digit of (-119)/(-14)*(l - -1)?
7
Let m = 32 + 829. What is the units digit of m?
1
Let g(c) = 29*c + 41. What is the hundreds digit of g(13)?
4
Suppose -5*p - 90 = -5*y, 0*y - 4*y = 3*p + 61. Suppose -6 = 3*g, -2*n - 4*g + 35 = -47. Let a = p + n. What is the units digit of a?
6
Let p be (-2)/(-4)*-4 + 2. Suppose -a - y - 1 = -p, -3*y - 9 = 0. Suppose 0 = d + a*d - 12. What is the units digit of d?
4
Let s = 156 - 108. Suppose k = -k + s. Suppose -3*q + 6*q = k. What is the units digit of q?
8
Let j(f) = -f**3 - 9*f**2 - 3*f - 7. Let w be j(-9). Suppose 0*a - 5*a + w = 0. Suppose -4*x = s - 8*x, -x - 75 = -a*s. What is the units digit of s?
0
What is the hundreds digit of ((-662)/(-18)*6)/(1/6)?
3
Let p = -37 - -38. What is the tens digit of (p + -46)/(20/(-6) + 3)?
3
Suppose 24 = m + 54. Let a = 69 + m. What is the tens digit of a?
3
Let b(g) = 3*g**2 + g - 83. What is the tens digit of b(-17)?
6
Let b(m) = m**3 - 12*m**2 + 11*m + 12. Let i be b(11). What is the units digit of 630/8 - 9/i?
8
Suppose 5*d = -2*a + 1293, 2*a - 2 - 6 = 0. Let w = -160 + d. What is the units digit of w?
7
Suppose -13183 = -14*u + 13263. What is the thousands digit of u?
1
Let g(i) = -179*i + 19. What is the tens digit of g(-9)?
3
Let p = -53 - -53. What is the tens digit of 35 - 0/((-3)/(-3 + p))?
3
Suppose 3*v - 212 = -5*k, 4*k - 171 = -0*k - v. Suppose 12*n + 128 = -88. Let u = n + k. What is the units digit of u?
5
Suppose d = 2*g - d + 82, 0 = 5*g - 2*d + 196. Suppose 17 = -3*x - 4*m - 4, -x - 3*m = 7. Let o = x - g. What is the units digit of o?
1
Let q = 69 + 29. What is the units digit of q?
8
Let j = -19 - -28. What is the tens digit of (57 - j)*11/4?
3
What is the units digit of 1/4 - 6295/(-20)?
5
Suppose -336 = -4*r - 0*d - 4*d, -4*d + 8 = 0. Let s = -57 + r. What is the tens digit of s?
2
Let o be (-5)/(25/(-741))*(-10)/(-2). Suppose -10*u + o = -119. What is the tens digit of u?
8
Suppose -5*w + 14096 = 3*n - 9*w, 18805 = 4*n + 5*w. What is the hundreds digit of n?
7
Let b = 220 - -20. What is the hundreds digit of -1 + 0 - (b/(-2) + 2)?
1
Let b(f) be the third derivative of f**4/24 - 3*f**3/2 - 5*f**2. Let z be b(11). Suppose 0*u - z*u + 4*s = -28, 77 = 3*u + s. What is the units digit of u?
4
Suppose s - 64 = q, -3*s + 4*q + 113 = -79. What is the units digit of s + 4 + (-16)/4?
4
Suppose 0 = 3*n + 3*c - 1608, 4*n - 526 - 1619 = -3*c. What is the tens digit of n?
3
Let k = 163 - 162. What is the tens digit of k/5 + 0 + (-2020)/(-25)?
8
What is the units digit of (-42)/728*-13 - 4338/(-8)?
3
Let n = 240 - 101. Suppose -3*m - 25 = -b, b + 4*b = m + n. What is the units digit of b?
8
Let s(d) = 15*d**2 - 4*d + 4. Let a = -3 + 6. Let c be s(a). Suppose 0 = 5*q - c - 63. What is the units digit of q?
8
Let c = 2 - 1. What is the tens digit of 2/((-8)/(-292)) + c?
7
Let t(l) = -7*l - 3. Let w(x) = -8*x - 4. Let v(z) = 7*t(z) - 6*w(z). Let u be v(3). Suppose 6 = -3*n, -7 + u = h + 5*n. What is the units digit of h?
3
Suppose -4*y = -0*y - 12, -w = 2*y - 10. Suppose -2*b = -0 + 6, -3*b = -w*o + 177. Suppose 4*t - 2*t = o. What is the units digit of t?
1
Let x(t) = -t + 9. Let j = 6 - -3. Let a be x(j). Suppose -4*s + 4*k = s - 128, a = s + k - 31. What is the tens digit of s?
2
Let t(f) = -2*f - 14. Let i be t(-9). Suppose i*x + 16 - 424 = 0. What is the tens digit of x?
0
Let l = -19 + 18. What is the tens digit of (-1190)/(-56) + l/4?
2
What is the hundreds digit of (410/(-2 + -8))/((-1)/4)?
1
Let k = -272 - -687. What is the hundreds digit of k?
4
Suppose 52 = -4*u + 556. Let a = -64 + u. What is the tens digit of a?
6
Suppose 0 = -g - g + 4. Let b(n) = -4 - 4*n**g + 4*n + 5*n**2 + 4*n**2 + 7. What is the tens digit of b(-2)?
1
Let z(c) = 439*c - 6. Let q be z(5). Let t = 1059 - q. What is the tens digit of t/(-35) + 2/(-7)?
3
Let m(q) = 4*q**2 - q - 4. Let r be m(3). Let i = -17 + r. Let t = i - 9. What is the units digit of t?
3
Let x(l) = -l**2 - 11*l - 9. Let i be x(-13). Let n be -5*(-7)/(i/(-2)). Suppose -54 = n*a - 4*a. What is the tens digit of a?
2
Let i(u) = u - 7. Let m be i(12). Suppose -m*b = -106 + 16. What is the units digit of b?
8
Let b(r) = -5*r**3 - 2*r**2 - r. Let d be b(-1). Suppose -5*p = -10*p - 10, d*u - 374 = -p. Suppose 4*t = -y + u, 5*y = 4 + 6. What is the tens digit of t?
2
Suppose 19*s = 23*s - 8. Suppose s*t + 24 = 5*t. What is the units digit of t?
8
Let s(q) be the first deriv